3721 a prime number?
True
Is 7203989843 prime?
True
Is 86166799 a prime number?
True
Is 695963505981 a prime number?
False
Is 1020875131 composite?
False
Is 1087668833 a composite number?
True
Is 2484755189 a prime number?
False
Is 521856371 a prime number?
True
Is 10931053319 composite?
False
Is 273939937 a prime number?
True
Is 1804862761 prime?
False
Is 4900761431 a composite number?
True
Is 2639828747 composite?
True
Is 26216856553 a prime number?
True
Is 6508308539 prime?
True
Is 206186334413 composite?
False
Is 280679613091 composite?
False
Is 683738131 prime?
False
Is 124327203709 prime?
False
Is 6228000661 a composite number?
True
Is 2789221901 composite?
False
Is 4197291317 a composite number?
False
Is 155081317 prime?
True
Is 14783893177 a prime number?
True
Is 37994639979 a prime number?
False
Is 40332487 prime?
False
Is 83772307349 composite?
False
Is 10313145265 composite?
True
Is 21545607107 a composite number?
True
Is 62723920577 a prime number?
False
Is 3637088849 prime?
False
Is 314339691 composite?
True
Is 1256921143 composite?
False
Is 128735359 prime?
True
Is 32955761057 composite?
False
Is 82967428391 composite?
False
Is 6983731945 prime?
False
Is 6144525941 composite?
False
Is 1206777991 composite?
False
Is 286705691 a composite number?
False
Is 374440597 a composite number?
True
Is 207559621013 a composite number?
False
Is 3863393 a prime number?
True
Is 371599393 a prime number?
False
Is 876461863 prime?
True
Is 299463620777 composite?
False
Is 1046593927 prime?
True
Is 40508801741 prime?
True
Is 916384943 a composite number?
True
Is 397014797 a composite number?
False
Is 9117896659 a composite number?
True
Is 39625719877 a composite number?
False
Is 14269856953 prime?
False
Is 106493426873 prime?
False
Is 322860077 prime?
True
Is 10304295835 a prime number?
False
Is 20042859077 prime?
True
Is 54958281487 a prime number?
False
Is 200747717 composite?
True
Is 1754345995 prime?
False
Is 164204939 composite?
False
Is 57698023913 a composite number?
False
Is 201821519 a composite number?
False
Is 5610684263 prime?
True
Is 6958730333 prime?
True
Is 64866715129 a prime number?
True
Is 226466783 prime?
False
Is 825655357 composite?
True
Is 3744078491 a prime number?
False
Is 12454076441 prime?
False
Is 2450172939 a prime number?
False
Is 3104532551 a prime number?
True
Is 1681283309 a composite number?
True
Is 2810518297 composite?
False
Is 81661771 a prime number?
False
Is 28135240459 a composite number?
False
Is 57206142283 a composite number?
True
Is 543051378541 a composite number?
True
Is 18572297507 a composite number?
False
Is 83823868577 a composite number?
False
Is 66404351683 a prime number?
False
Is 1284202061 composite?
True
Is 3932874641 prime?
True
Is 2936041201 composite?
True
Is 8914154789 prime?
False
Is 12933747703 composite?
False
Is 52877504747 composite?
False
Is 7193922387 a composite number?
True
Is 1060746493 composite?
False
Is 590377739 prime?
False
Is 49913714078 a composite number?
True
Is 2105183 a prime number?
True
Is 5833860049 prime?
True
Is 1398522611 prime?
True
Is 184253939549 composite?
False
Is 3313401521 a prime number?
True
Is 812809691 a composite number?
False
Is 1202354927 prime?
True
Is 12958796309 a prime number?
False
Is 93780641947 prime?
True
Is 2576385179 a prime number?
True
Is 3967371689 composite?
True
Is 6343317047 a prime number?
True
Is 108028160231 composite?
False
Is 15552662063 a composite number?
False
Is 511393423 a composite number?
True
Is 24152796749 composite?
False
Is 3935375897 composite?
False
Is 82756939 prime?
False
Is 21098430911 prime?
True
Is 58301951 a prime number?
True
Is 1088313601 prime?
True
Is 58965173 composite?
True
Is 31669319687 composite?
False
Is 18329851819 a prime number?
False
Is 252758279 composite?
True
Is 332059242383 a composite number?
True
Is 364482897 composite?
True
Is 1132189 composite?
True
Is 23756000809 a prime number?
False
Is 4567956223 a prime number?
True
Is 100434102997 composite?
False
Is 38195663141 a prime number?
True
Is 3776909693 prime?
False
Is 310157047 prime?
False
Is 5803934771 prime?
False
Is 1426348337 composite?
False
Is 23300209357 a composite number?
False
Is 225005117 prime?
True
Is 160147250989 prime?
False
Is 3149001503 composite?
False
Is 1082510261 a composite number?
True
Is 4618014371 composite?
True
Is 3581988307 prime?
False
Is 217644551 a composite number?
True
Is 514493326 composite?
True
Is 99478153029 a composite number?
True
Is 62580312083 prime?
False
Is 34226182547 composite?
False
Is 71999029279 a prime number?
True
Is 1418415659 a prime number?
True
Is 5753180819 prime?
True
Is 8349707323 composite?
False
Is 16459189837 a composite number?
False
Is 23480869 prime?
True
Is 66407877929 a prime number?
False
Is 721196449 a prime number?
True
Is 51382032659 a prime number?
True
Is 26105987489 a prime number?
True
Is 26589881779 a prime number?
True
Is 1722297223 prime?
True
Is 12198492203 composite?
False
Is 13537219151 a composite number?
True
Is 170007433 a prime number?
True
Is 14994807257 a prime number?
False
Is 642525619 composite?
True
Is 6571350791 composite?
False
Is 140482651 a prime number?
False
Is 1620263941 prime?
True
Is 2248771633 a composite number?
True
Is 14158213259 composite?
True
Is 790370661 composite?
True
Is 19743095161 prime?
True
Is 23921265619 composite?
False
Is 43378638029 a prime number?
True
Is 129522583 a composite number?
False
Is 5469328223 a composite number?
True
Is 339086123 a prime number?
True
Is 4380796739 a composite number?
True
Is 26185021283 prime?
True
Is 33796559209 prime?
False
Is 17466448097 prime?
False
Is 851321327 a prime number?
False
Is 1907315899 a prime number?
False
Is 512901581 a prime number?
False
Is 663223573 a prime number?
True
Is 186251649379 composite?
True
Is 43516388801 a composite number?
False
Is 1269684347 a prime number?
False
Is 36495391433 a prime number?
True
Is 147393563 a prime number?
False
Is 89615543 a composite number?
False
Is 14072925739 a prime number?
True
Is 275216057 composite?
False
Is 130331516869 composite?
True
Is 4147226509 composite?
True
Is 893330599 prime?
False
Is 2163630319 composite?
False
Is 112729127869 a prime number?
True
Is 2010881 prime?
True
Is 1854321143 composite?
True
Is 130168165397 prime?
False
Is 3001851869 a composite number?
False
Is 15729891431 prime?
True
Is 42407500583 prime?
False
Is 267590507459 a prime number?
False
Is 143074177 composite?
False
Is 165630419 composite?
True
Is 29786140831 a composite number?
False
Is 201391101515 a composite number?
True
Is 18190457293 a composite number?
True
Is 7222694327 composite?
False
Is 14762555603 a composite number?
False
Is 256525703 a prime number?
False
Is 104384645 composite?
True
Is 670676759 composite?
False
Is 52817088341 a prime number?
True
Is 2775122377 prime?
True
Is 52690218383 a composite number?
True
Is 3501918533 composite?
False
Is 13536219985 composite?
True
Is 6194891977 composite?
False
Is 40447549 prime?
False
Is 6052769959 composite?
True
Is 905912467 a prime number?
True
Is 2167879047 a prime number?
False
Is 48501950563 a composite number?
True
Is 12752648165 a composite number?
True
Is 396817291 a prime number?
False
Is 212257319 composite?
True
Is 93361091 prime?
True
Is 152929045495 prime?
False
Is 56512108045 composite?
True
Is 8372159329 a composite number?
False
Is 450759137 a composite number?
False
Is 3337360673 a composite number?
False
Is 16664657713 composite?
True
Is 1281498473 composite?
True
Is 20880504347 composite?
True
Is 4738039387 composite?
False
Is 12595231027 a composite number?
False
Is 15548102719 prime?
False
Is 7580672273 prime?
True
Is 1193427398719 a prime number?
True
Is 738871919 prime?
True
Is 37558477669 a prime number?
False
Is 189150991 a composite number?
True
Is 69761515399 a composite number?
True
Is 4972744598 composite?
True
Is 3646239019 a prime number?
False
Is 261764333 a composite number?
False
Is 3184198241 a composite number?
True
Is 159451531591 a composite number?
True
Is 18505680197 composite?
True
Is 89386861 a composite number?
False
Is 5607861159 a prime number?
False
Is 10891093 a composite number?
True
Is 20914300627 a composite number?
True
Is 462112597 a c